rivative of 3*d**5/4 + 2*d**3/3 - 3*d**2. Is p(3) a composite number?
False
Let f(j) = -j**3 + 8*j**2 - 12*j + 2. Let w be (2/6)/(20/360). Let s be f(w). Suppose -157 = s*g - 539. Is g a prime number?
True
Suppose 0 = -4*s - 4086 - 3142. Let a = 2628 + s. Is a a prime number?
True
Let r be -1610 - (3 - (2 + 1)). Let v = r + 2727. Is v a prime number?
True
Let v be (-90)/5*(-3812)/12. Suppose 0 = -4*m - 5*i + 7156 + v, 5*m + 5*i = 16095. Is m composite?
False
Let f be (-1)/((-2)/(-1524)*-3). Suppose 4*j + 460 = 4*m, -2*m - 6*j = -2*j - f. Is m composite?
True
Let q(r) = -r**3 + 7*r**2 - 5*r - 6. Suppose 0*u + u + 5*y = 30, -u = -2*y - 2. Let l = u - 5. Is q(l) a composite number?
False
Let z be -6*(-1)/2 + -1 + 4. Let n(w) = 174*w + 11. Is n(z) a prime number?
False
Suppose -90*a + 94*a = 10444. Is a a prime number?
False
Suppose -26*x - 4*x + 145050 = 0. Is x prime?
False
Suppose -2*p + 3*c + 24057 = 0, -4*c + 60085 = -13*p + 18*p. Is p composite?
True
Let p(b) = -14*b**3 - 15*b**2 - 11*b - 13. Is p(-12) composite?
True
Let r(a) = a**3 - 6*a**2 + a + 8. Let m be r(6). Suppose -m*h + 12562 = 8*h. Is h prime?
True
Let i = 43 - 38. Suppose -i*d - 10 = -25. Suppose 2*v - d*m = m + 634, -5 = -5*m. Is v composite?
True
Suppose -7*m + 19 = -16. Suppose -2*j = -m*h - 0*h - 10, -2*h = -j + 5. Suppose j*q = p + 702, 2*q + 4*p = -3*q + 717. Is q prime?
False
Let r(z) = 3*z**3 - 33*z**2 - 33*z - 10. Let g = -37 - -29. Let l(o) = 2*o**3 - 22*o**2 - 22*o - 7. Let w(a) = g*l(a) + 5*r(a). Is w(11) a composite number?
False
Let l = 14374 + -10205. Is l prime?
False
Suppose -7*q - 9 = -30. Suppose 10*c = q*c + 6349. Is c prime?
True
Let a(p) = 8*p**3 + 3*p**2 + p - 7. Let h be a(9). Let z = h - 3534. Is z composite?
False
Let r(k) = 2101*k**3 - k**2 - 1. Is r(1) a composite number?
False
Suppose -4*a + 0 = -4*j - 4, -a + 4 = 0. Let y be (-2452)/12 - (-1)/j. Let r = 389 + y. Is r prime?
False
Let a(u) = -u**2 + 14*u + 20. Suppose -4*n + 60 = 4*d, 3*n - d - 13 = 32. Let t be a(n). Suppose w - 2*p + 336 = t*w, -w = p - 86. Is w a composite number?
True
Suppose 0 = -4*y + 4*n + 23764, 0 = 3*y - 2*n - 7499 - 10322. Is y a prime number?
True
Let r = 28 - 28. Suppose 3*m + 2642 = 5*i - 8094, r = -5*i + m + 10742. Is i composite?
True
Suppose -2*h = -2*y - 20, 4*y = 3*h - y - 40. Suppose 0 = -h*d + 3*d + 2*t + 320, 5*t - 15 = 0. Is d a composite number?
False
Let g(y) = y**2 + 5*y - 65. Is g(24) a prime number?
True
Let o be 2*3/(-6)*-4. Suppose -16 = -8*x + o*x. Suppose 5*f = x*u + 137 + 48, 3*u + 111 = 3*f. Is f a composite number?
False
Let d(m) = -m**3 - 3*m**2 + 2*m - 5. Let v be d(-4). Let r be 2/v*(-18)/(-4). Suppose z - 171 = -4*o, 2*z + r*o + 646 = 6*z. Is z composite?
False
Let k(b) = -b**2 - 3*b + 12. Let j be k(-7). Is (-4*-6*118/j)/(-1) composite?
True
Let t be (6/(-3))/2 - -4. Let w(s) = -5 + 3 - 5*s**t - 9 + 4*s**2 + 6*s**3 - 10*s. Is w(6) a composite number?
True
Let y(a) = -42*a + 24. Let x be y(19). Let z = -365 - x. Is z a prime number?
True
Is (-149958)/((-6)/1) + 8 a prime number?
False
Let r be 25/7 - (-16)/(-28). Suppose l - r*l = m, -3*m - 14 = -l. Suppose l*d - 152 = 162. Is d prime?
True
Suppose 2*i - 4*d + 3506 = -i, -2 = 2*d. Let g = -691 - i. Is g prime?
True
Suppose 2*r = 3949 + 2291. Suppose r = -6*b + 2*b. Is 1/(-7) + b/(-21) a prime number?
True
Let c(s) = 3*s**2 + 3*s - 5. Suppose 2*n = -5 - 1, -5*k - 5*n = -30. Suppose -11 = -5*y + k. Is c(y) a composite number?
True
Let i = 80 - 72. Is 2/i - (0 + (-12695)/20) composite?
True
Let o be ((-4)/10)/((-6)/30). Suppose 8 = 2*h + a, -3*h + o*h = a - 3. Suppose 0 = -2*l + 3*g + 187, -4*g = h*l - 0*g - 410. Is l composite?
True
Suppose -4*v = -w + 36, -82 = -3*w + 2*v - 3*v. Suppose w + 48 = 4*q. Is q a composite number?
False
Let x = 27203 + 299. Is x a prime number?
False
Let i(w) = w. Let r be i(4). Suppose -4*g = -5*h + 4487, r*g - 3*g + 3 = 0. Is h a composite number?
True
Suppose 5606 = 4*a + 2*d, -4*a + d + 4192 = -a. Is a a composite number?
False
Let f(x) = x**3 + 6*x**2 + 5. Let u be f(-6). Suppose 0 = 2*y + y + 4*n - 145, 3*n = -u*y + 249. Suppose y = 2*p - 551. Is p composite?
True
Suppose 2*j - 3961 = -q, 3*q - 11*j + 10*j - 11904 = 0. Is q a prime number?
True
Let r(y) = 115*y**2 + 3*y - 33*y**2 - 52*y**2 + 4. Is r(5) prime?
True
Suppose -5*j - 3*s - s - 210 = 0, 2*j - 3*s + 84 = 0. Is (-24)/j - (-1966)/14 a prime number?
False
Suppose -2*j + 6*j + 56 = 0. Let p = j + 13. Is p/(0 - (-4)/(-268)) a prime number?
True
Suppose 0 = 9*r + 16 - 70. Let f(l) = 243*l + 53. Is f(r) prime?
True
Is (-4)/6 + (-1425865)/(-105) a composite number?
True
Let p(w) = -382*w**3 - w**2 - 15*w - 9. Is p(-4) a composite number?
True
Is (-4)/12 - (-2764)/3 prime?
False
Suppose -c - 8 = 5*f, 0*c - f = 4*c - 25. Suppose 0 = c*v - 2*v - 30. Suppose v*o - 814 = 4*o. Is o prime?
False
Let w(g) = -g**3 - 10*g**2 - 8*g + 7. Let y be w(-9). Let o(n) = n**2 - 2*n - 2. Let j be o(y). Suppose 2*f = j*f - 996. Is f a composite number?
True
Let l(j) = 277*j + 3. Suppose 13*k + 528 = 9*k. Let m be k/(-77) + 4/14. Is l(m) a prime number?
True
Let a(q) = 2*q**3 + 97*q**2 - 112*q**2 + 15*q - 20 - 3*q**3. Is a(-17) a prime number?
False
Suppose -26*z - 6370 = -27*z + 3*h, 2*z = h + 12765. Is z prime?
False
Let x(r) = r + 7. Let w be x(-2). Let s = 30 + w. Is s prime?
False
Suppose -407127 + 83503 = -28*i. Is i a prime number?
False
Let p = 18862 + -12675. Is p composite?
True
Is 2 + 1 - (2 + -2182) prime?
False
Suppose 0 = -6*k + 3532 - 898. Is k prime?
True
Suppose 4965 = -3*d - 2*d. Let o = 1459 - d. Is (-4)/2 + o/4 a composite number?
True
Suppose 9*y = 6*y - 54. Let f = 34 + y. Suppose -v = f - 109. Is v prime?
False
Let c(m) = -7*m + 19. Let l be c(-7). Let b = l + 449. Is b prime?
False
Let m = -1131 - -1599. Suppose 3*b + 4*y - m - 1477 = 0, 5 = -y. Is b a composite number?
True
Is ((-46)/(-184))/(3/394428) composite?
False
Let f be (0 - (-517 - 1))*(-1)/(-1). Let w = -261 + f. Is w prime?
True
Suppose -5*x - 3*j + 27 = 0, -7*x + 12*x - 2*j - 7 = 0. Suppose -5*s + 2513 = d, 4*d + 0*s = x*s + 9983. Is d composite?
True
Let l = 1096 + 12677. Is l composite?
True
Suppose 3*b - 5*b + 5*p + 22 = 0, -1 = 3*b + p. Suppose 4*g + 4284 = 4*v, -5*v + g + 2*g = -5355. Is v - (-4 + 8/b) composite?
True
Let b(s) = -89*s. Suppose q = -4*n + 4, q = -n + 4*q + 1. Suppose n + 2 = -3*m. Is b(m) prime?
True
Suppose 5*s + 4*a = -0*a + 20, -s - 15 = -3*a. Suppose 3*f - 2*f + 1070 = s. Is 1*-3 - f/5 composite?
False
Suppose 0*j - 5*j - 2*u = -90, -5*j + 2*u + 70 = 0. Let k = 18 - j. Suppose 0 = g + k*g + 2*s - 285, s = -2*g + 190. Is g composite?
True
Suppose -3*r - 4*i + 21 = -4, 3*i = 4*r. Suppose -10 = -u + a - r, -u - 5*a - 17 = 0. Suppose 596 = 2*f + 2*f - u*t, t = 2*f - 298. Is f composite?
False
Let x be -3 - (0 + (-2 - -9)). Let y be (-4 - x)*(-2)/(-4). Suppose -2*m = 5*b - 3*b - 612, -4*b - y*m + 1219 = 0. Is b prime?
False
Suppose -77*v = -121*v + 214852. Is v a composite number?
True
Let c(a) = -965*a + 1173. Is c(-74) a composite number?
True
Suppose -2*k + 363 = -2075. Is k a prime number?
False
Suppose 5*b = -2*q + 8820 + 8506, 0 = -b. Is q prime?
True
Let z = 1882 - 1235. Is z prime?
True
Let r be (-3)/(3/(-24)*6). Is 157*2/6*(r + -1) a composite number?
False
Let b(g) = -g**2 - 76*g + 101. Is b(-24) composite?
True
Suppose -2*y - n = -0*n - 29, y + 5*n - 37 = 0. Let k be (6 - -371) + (-5)/(15/6). Is 2/(-8) + k/y prime?
True
Suppose -5*u - 472 = 18. Let n = u - -165. Is n a composite number?
False
Let g = -13 + 9. Let r(q) = -q**2 - 20*q - 14. Let f be r(-21). Let z = g - f. Is z composite?
False
Let i be (-9)/6 + 838/4. Let x = 297 - i. Is x a composite number?
False
Suppose 2*w + 1076 = j + 3*j, 5*j - 1347 = 2*w. Suppose -n - 20 + j = 0. Is n a prime number?
True
Let g = 8882 - 4903. Is g prime?
False
Let j(n) be the third derivative of n**5/15 - n**4/6 + 3*n**3/2 - 8*n**2. Let h be j(7). Is (2/3 - -1)*h a prime number?
False
Let z = 31 + -27. Suppose -a + 5*b = -33, a = 6*b - z*b + 45. Is a a composite number?
False
Suppose -51*d = -49*d + 1254. Let p = d - -878. Is p a prime number?
True
Let m be ((-24)/32)/((-2)/16). Let p(y) = 2*y + 3. Let d be p(m). Is (10/d)/(4/1758) prime?
True
Suppose 4*o - x = 1023, o - 17